{"id":898,"date":"2025-05-12T14:56:22","date_gmt":"2025-05-12T14:56:22","guid":{"rendered":"https:\/\/www.acasur.cl\/?post_type=product&#038;p=898"},"modified":"2025-10-01T12:06:34","modified_gmt":"2025-10-01T12:06:34","slug":"omi-3-19-formacion-del-oficial-de-proteccion-del-buque","status":"publish","type":"product","link":"https:\/\/www.acasur.cl\/index.php\/product\/omi-3-19-formacion-del-oficial-de-proteccion-del-buque\/","title":{"rendered":"OMI 3.19 Formaci\u00f3n Del Oficial De Protecci\u00f3n Del Buque"},"content":{"rendered":"<p><strong>Destinado a:<\/strong><\/p>\n<p>Oficiales de la Marina Mercante Nacional designados de las empresas navieras o administradoras.<\/p>\n<p><strong>Objetivos Generales:<\/strong> Al t\u00e9rmino del curso el alumno ser\u00e1 capaz de:<\/p>\n<ul>\n<li>Comprender y aplicar los planes de protecci\u00f3n de la compa\u00f1\u00eda.<\/li>\n<li>Ejecutar de manera eficiente las medidas pertinentes para prevenir los actos que afecten la protecci\u00f3n de los pasajeros, tripulaci\u00f3n, la carga y el buque.<\/li>\n<li>Operar de manera eficiente las alarmas instaladas para este fin.<\/li>\n<li>Operar de manera eficiente los sistemas de comunicaci\u00f3n internos y externos respectivamente.<\/li>\n<\/ul>\n<p><strong>Requisitos:<\/strong><\/p>\n<p>Estar en posesi\u00f3n del t\u00edtulo de Oficial de Cubierta o M\u00e1quinas de la Marina Mercante.<\/p>\n","protected":false},"excerpt":{"rendered":"<p>Hora: 23<\/p>\n<p>Horario: 09:00 a 17:00 hrs<\/p>\n<p>Modalidad: Presencial o E-Learning<\/p>\n<p><strong>ANTES DE PAGAR, CONSULTAR INICIO DE CLASES<\/strong><\/p>\n","protected":false},"featured_media":899,"comment_status":"open","ping_status":"closed","template":"","meta":[],"product_brand":[],"product_cat":[15],"product_tag":[],"class_list":{"0":"post-898","1":"product","2":"type-product","3":"status-publish","4":"has-post-thumbnail","6":"product_cat-uncategorized","7":"description-off","9":"first","10":"outofstock","11":"shipping-taxable","12":"purchasable","13":"product-type-simple"},"_links":{"self":[{"href":"https:\/\/www.acasur.cl\/index.php\/wp-json\/wp\/v2\/product\/898","targetHints":{"allow":["GET"]}}],"collection":[{"href":"https:\/\/www.acasur.cl\/index.php\/wp-json\/wp\/v2\/product"}],"about":[{"href":"https:\/\/www.acasur.cl\/index.php\/wp-json\/wp\/v2\/types\/product"}],"replies":[{"embeddable":true,"href":"https:\/\/www.acasur.cl\/index.php\/wp-json\/wp\/v2\/comments?post=898"}],"wp:featuredmedia":[{"embeddable":true,"href":"https:\/\/www.acasur.cl\/index.php\/wp-json\/wp\/v2\/media\/899"}],"wp:attachment":[{"href":"https:\/\/www.acasur.cl\/index.php\/wp-json\/wp\/v2\/media?parent=898"}],"wp:term":[{"taxonomy":"product_brand","embeddable":true,"href":"https:\/\/www.acasur.cl\/index.php\/wp-json\/wp\/v2\/product_brand?post=898"},{"taxonomy":"product_cat","embeddable":true,"href":"https:\/\/www.acasur.cl\/index.php\/wp-json\/wp\/v2\/product_cat?post=898"},{"taxonomy":"product_tag","embeddable":true,"href":"https:\/\/www.acasur.cl\/index.php\/wp-json\/wp\/v2\/product_tag?post=898"}],"curies":[{"name":"wp","href":"https:\/\/api.w.org\/{rel}","templated":true}]}}