{"id":813,"date":"2025-05-08T21:22:17","date_gmt":"2025-05-08T21:22:17","guid":{"rendered":"https:\/\/www.acasur.cl\/?post_type=product&#038;p=813"},"modified":"2025-10-01T12:10:23","modified_gmt":"2025-10-01T12:10:23","slug":"curso-basico-de-gestion-para-mando-como-piloto-costero","status":"publish","type":"product","link":"https:\/\/www.acasur.cl\/index.php\/product\/curso-basico-de-gestion-para-mando-como-piloto-costero\/","title":{"rendered":"Curso B\u00e1sico de Gesti\u00f3n para Mando como Piloto Costero"},"content":{"rendered":"<p><strong>Destinado a:<\/strong><\/p>\n<ul>\n<li>Pilotos Costeros<\/li>\n<\/ul>\n<p><strong>Objetivos Generales: <\/strong>Al t\u00e9rmino del curso el alumno ser\u00e1 capaz de:<\/p>\n<ul>\n<li>Desempe\u00f1arse eficientemente las funciones de Mando como Piloto Costero de la Marina Mercante Nacional y Primer Oficial en Naves Mercantes de Arqueo hasta 1000, en navegaci\u00f3n pr\u00f3xima a la costa, desarrollando conductas que le permitan resolver de la mejor manera situaciones propias de la navegaci\u00f3n segura en cercan\u00edas de la costa, durante las funciones de Mando como Piloto Regional o Primer Oficial en Naves .Mercantes.<\/li>\n<li>Planificar traves\u00edas en navegaci\u00f3n costera<\/li>\n<li>Reconocer y evaluar las condiciones de seguridad requeridas para un viaje seguro.<\/li>\n<li>Resolver las situaciones de gesti\u00f3n y operativas a su cargo.<\/li>\n<\/ul>\n<p><strong>Requisitos:<\/strong><\/p>\n<ul>\n<li>Egresado de educaci\u00f3n media o educaci\u00f3n media t\u00e9cnico profesional.<\/li>\n<li>Poseer el t\u00edtulo de Piloto Costero (Nivel Operacional)<\/li>\n<li>Estar en posesi\u00f3n de t\u00edtulo de Patr\u00f3n de Pesca de Alta Mar de Primera Clase, Patr\u00f3n de Pesca de Alta Mar de Segunda Clase, Patr\u00f3n de Pesca Costero de Primera Clase o Patr\u00f3n de Pesca Costero de Segunda Clase (Art\u00edculo 46\u00b0 del Reglamento sobre Formaci\u00f3n, Titulaci\u00f3n y Carrera Profesional de la Gente de Mar, aprobado por Decreto Supremo N\u00b0127, de fecha 12 de marzo de 2019).<\/li>\n<li>Oficiales de retiro de la Armada de Chile que cumplan los requisitos establecidos en el art\u00edculo 45\u00b0 del Reglamento sobre Formaci\u00f3n, Titulaci\u00f3n y Carrera Profesional de la Gente de Mar, aprobado por Decreto Supremo N\u00b0 127, de fecha 12 de marzo de 2019.<\/li>\n<\/ul>\n","protected":false},"excerpt":{"rendered":"<p>Hora: 76<\/p>\n<p>Horario: 09:00 a 17:00 hrs<\/p>\n<p>Modalidad: Presencial<\/p>\n<p><strong>ANTES DE PAGAR, CONSULTAR INICIO DE CLASES<\/strong><\/p>\n","protected":false},"featured_media":825,"comment_status":"open","ping_status":"closed","template":"","meta":[],"product_brand":[],"product_cat":[15],"product_tag":[],"class_list":{"0":"post-813","1":"product","2":"type-product","3":"status-publish","4":"has-post-thumbnail","6":"product_cat-uncategorized","7":"description-off","9":"first","10":"outofstock","11":"shipping-taxable","12":"purchasable","13":"product-type-simple"},"_links":{"self":[{"href":"https:\/\/www.acasur.cl\/index.php\/wp-json\/wp\/v2\/product\/813","targetHints":{"allow":["GET"]}}],"collection":[{"href":"https:\/\/www.acasur.cl\/index.php\/wp-json\/wp\/v2\/product"}],"about":[{"href":"https:\/\/www.acasur.cl\/index.php\/wp-json\/wp\/v2\/types\/product"}],"replies":[{"embeddable":true,"href":"https:\/\/www.acasur.cl\/index.php\/wp-json\/wp\/v2\/comments?post=813"}],"wp:featuredmedia":[{"embeddable":true,"href":"https:\/\/www.acasur.cl\/index.php\/wp-json\/wp\/v2\/media\/825"}],"wp:attachment":[{"href":"https:\/\/www.acasur.cl\/index.php\/wp-json\/wp\/v2\/media?parent=813"}],"wp:term":[{"taxonomy":"product_brand","embeddable":true,"href":"https:\/\/www.acasur.cl\/index.php\/wp-json\/wp\/v2\/product_brand?post=813"},{"taxonomy":"product_cat","embeddable":true,"href":"https:\/\/www.acasur.cl\/index.php\/wp-json\/wp\/v2\/product_cat?post=813"},{"taxonomy":"product_tag","embeddable":true,"href":"https:\/\/www.acasur.cl\/index.php\/wp-json\/wp\/v2\/product_tag?post=813"}],"curies":[{"name":"wp","href":"https:\/\/api.w.org\/{rel}","templated":true}]}}